f 2059747186?
5
What is the tens digit of 187759875?
7
What is the ten thousands digit of 104738826?
3
What is the tens digit of 1342832339?
3
What is the ten thousands digit of 99484285?
8
What is the ten millions digit of 131219545?
3
What is the thousands digit of 95819937?
9
What is the tens digit of 41839403?
0
What is the thousands digit of 15948152?
8
What is the hundreds digit of 573976874?
8
What is the units digit of 40112761?
1
What is the billions digit of 1095340151?
1
What is the ten millions digit of 216928933?
1
What is the hundred thousands digit of 28080812?
0
What is the hundreds digit of 64628110?
1
What is the thousands digit of 45941029?
1
What is the tens digit of 923244787?
8
What is the millions digit of 88587414?
8
What is the billions digit of 1682448841?
1
What is the ten millions digit of 109266448?
0
What is the hundreds digit of 28400829?
8
What is the millions digit of 1731089600?
1
What is the hundred thousands digit of 8592817337?
8
What is the hundred thousands digit of 893483241?
4
What is the ten millions digit of 22741517?
2
What is the ten thousands digit of 534223750?
2
What is the tens digit of 127211691?
9
What is the ten thousands digit of 85233523?
3
What is the thousands digit of 859426185?
6
What is the thousands digit of 65359954?
9
What is the millions digit of 106152371?
6
What is the hundred thousands digit of 377165927?
1
What is the hundred thousands digit of 1808162299?
1
What is the ten thousands digit of 1069263678?
6
What is the thousands digit of 496452317?
2
What is the hundred millions digit of 1005167922?
0
What is the millions digit of 39971872?
9
What is the units digit of 96086385?
5
What is the hundred millions digit of 171157467?
1
What is the hundreds digit of 846047521?
5
What is the ten thousands digit of 1369887069?
8
What is the units digit of 1184492174?
4
What is the millions digit of 219074196?
9
What is the thousands digit of 1889504632?
4
What is the hundred thousands digit of 144507185?
5
What is the hundred thousands digit of 112822352?
8
What is the ten millions digit of 1329581948?
2
What is the units digit of 734546463?
3
What is the ten millions digit of 58134201?
5
What is the hundred millions digit of 2880137907?
8
What is the hundred thousands digit of 12594057?
5
What is the hundreds digit of 50633800?
8
What is the hundred millions digit of 1025956091?
0
What is the hundreds digit of 1625528665?
6
What is the hundreds digit of 1112903523?
5
What is the hundreds digit of 2240566189?
1
What is the tens digit of 137157613?
1
What is the ten millions digit of 20330399?
2
What is the millions digit of 127002399?
7
What is the hundreds digit of 75710646?
6
What is the hundred thousands digit of 3064535776?
5
What is the millions digit of 663352220?
3
What is the thousands digit of 23242090?
2
What is the billions digit of 3568582124?
3
What is the thousands digit of 30463611?
3
What is the hundred millions digit of 6491328985?
4
What is the ten millions digit of 3862243775?
6
What is the hundreds digit of 3991658?
6
What is the millions digit of 70836505?
0
What is the tens digit of 2707119193?
9
What is the hundred millions digit of 1405508823?
4
What is the ten thousands digit of 96922549?
2
What is the ten millions digit of 53973321?
5
What is the units digit of 803953648?
8
What is the units digit of 330326756?
6
What is the hundreds digit of 53112867?
8
What is the billions digit of 2152601870?
2
What is the hundred thousands digit of 16058350?
0
What is the thousands digit of 731438219?
8
What is the ten thousands digit of 3962688191?
8
What is the thousands digit of 872994013?
4
What is the hundred thousands digit of 183541468?
5
What is the millions digit of 33847470?
3
What is the ten millions digit of 398200008?
9
What is the hundred millions digit of 2285633474?
2
What is the thousands digit of 732257739?
7
What is the hundreds digit of 705040086?
0
What is the tens digit of 3403618397?
9
What is the hundred thousands digit of 257774569?
7
What is the units digit of 29383164?
4
What is the hundred thousands digit of 71169183?
1
What is the ten thousands digit of 85646650?
4
What is the millions digit of 386230247?
6
What is the hundred thousands digit of 863978079?
9
What is the thousands digit of 325140988?
0
What is the hundreds digit of 124898102?
1
What is the hundred millions digit of 255519278?
2
What is the millions digit of 2887968545?
7
What is the ten thousands digit of 1498538077?
3
What is the billions digit of 3251021477?
3
What is the ten millions digit of 56294336?
5
What is the tens digit of 3259474?
7
What is the hundred millions digit of 661182684?
6
What is the tens digit of 2878870498?
9
What is the millions digit of 121698313?
1
What is the hundreds digit of 1843859612?
6
What is the ten thousands digit of 52920720?
2
What is the tens digit of 1833279?
7
What is the hundreds digit of 159027749?
7
What is the tens digit of 401164451?
5
What is the units digit of 27682576?
6
What is the units digit of 77869866?
6
What is the ten thousands digit of 722947214?
4
What is the ten millions digit of 119762075?
1
What is the ten thousands digit of 58413963?
1
What is the units digit of 3901085?
5
What is the hundred thousands digit of 116922975?
9
What is the ten thousands digit of 157922812?
2
What is the units digit of 2917046797?
7
What is the hundred millions digit of 370637015?
3
What is the ten millions digit of 83949238?
8
What is the millions digit of 788619346?
8
What is the millions digit of 47037624?
7
What is the ten thousands digit of 40280905?
8
What is the millions digit of 2488920123?
8
What is the millions digit of 2407562494?
7
What is the units digit of 283963201?
1
What is the ten millions digit of 74668664?
7
What is the hundred thousands digit of 579436076?
4
What is the hundred thousands digit of 2446630932?
6
What is the tens digit of 367062111?
1
What is the hundred thousands digit of 52603459?
6
What is the ten thousands digit of 17696722?
9
What is the hundreds digit of 1114361253?
2
What is the hundred thousands digit of 2589078087?
0
What is the units digit of 164593925?
5
What is the ten millions digit of 50178289?
5
What is the millions digit of 32698826?
2
What is the thousands digit of 662339?
2
What is the millions digit of 182355795?
2
What is the hundred thousands digit of 28256732?
2
What is the ten thousands digit of 467695667?
9
What is the hundreds digit of 69551860?
8
What is the units digit of 37731423?
3
What is the tens digit of 575897035?
3
What is the thousands digit of 80512231?
2
What is the hundred millions digit of 4181061314?
1
What is the hundreds digit of 227636464?
4
What is the hundred thousands digit of 34467496?
4
What is the thousands digit of 12237242?
7
What is the hundreds digit of 143990026?
0
What is the millions digit of 23328416?
3
What is the ten millions digit of 4436639805?
3
What is the hundred millions digit of 268777958?
2
What is the billions digit of 1139520317?
1
What is the hundreds digit of 45154680?
6
What is the tens digit of 49817788?
8
What is the ten millions digit of 80216624?
8
What is the hundreds digit of 686868182?
1
What is the billions digit of 1500221503?
1
What is the billions digit of 4394982393?
4
What is the ten thousands digit of 1480597844?
9
What is the millions digit of 102394699?
2
What is the millions digit of 60482180?
0
What is the thousands digit of 294880555?
0
What is the tens digit of 345299080?
8
What is the hundred millions digit of 119209689?
1
What is the ten thousands digit of 2372286828?
8
What is the millions digit of 12669828?
2
What is the tens digit of 411239094?
9
What is the hundred millions digit of 2203069882?
2
What is the thousands digit of 108718129?
8
What is the ten millions digit of 237885744?
3
What is the hundreds digit of 185301504?
5
What is the ten millions digit of 2404594828?
0
What is the tens digit of 172333957?
5
What is the millions digit of 5582159046?
2
What is the thousands digit of 58538108?
8
What is the hundred thousands digit of 149396649?
3
What is the hundred thousands digit of 1178059414?
0
What is the tens digit of 361049499?
9
What is the hundreds digit of 455147262?
2
What is the millions di